211
Calculate the remainder when 83420 is divided by 111.
59
Calculate the remainder when 2170537 is divided by 723499.
40
What is the remainder when 18081211 is divided by 821864?
203
Calculate the remainder when 8420 is divided by 15.
5
Calculate the remainder when 13264172 is divided by 2147.
6
What is the remainder when 37769 is divided by 7136?
2089
Calculate the remainder when 118862182 is divided by 336720.
22
What is the remainder when 2059456 is divided by 1870?
586
Calculate the remainder when 121395 is divided by 30330.
75
Calculate the remainder when 6914266 is divided by 256083.
25
Calculate the remainder when 201599803 is divided by 14.
13
What is the remainder when 439578 is divided by 29303?
33
Calculate the remainder when 72410102 is divided by 556.
554
What is the remainder when 295759 is divided by 275?
134
What is the remainder when 491492 is divided by 2006?
22
What is the remainder when 335300 is divided by 11953?
616
Calculate the remainder when 5095555 is divided by 17.
9
Calculate the remainder when 3261984 is divided by 652392.
24
Calculate the remainder when 2367487 is divided by 676.
135
Calculate the remainder when 93834 is divided by 18442.
1624
What is the remainder when 564776 is divided by 111?
8
Calculate the remainder when 66347337 is divided by 532.
21
Calculate the remainder when 2015568 is divided by 410.
8
What is the remainder when 369927 is divided by 123305?
12
Calculate the remainder when 32550796 is divided by 1570.
1556
What is the remainder when 8018535 is divided by 66?
63
Calculate the remainder when 40755 is divided by 3166.
2763
What is the remainder when 395287321 is divided by 49?
9
Calculate the remainder when 159371 is divided by 159371.
0
What is the remainder when 9566197 is divided by 130?
17
What is the remainder when 11072725 is divided by 6064?
5925
Calculate the remainder when 349953 is divided by 43744.
1
Calculate the remainder when 146140 is divided by 36492.
172
What is the remainder when 56070762 is divided by 925?
37
What is the remainder when 1769886 is divided by 1707?
1434
Calculate the remainder when 5727427 is divided by 381827.
22
Calculate the remainder when 353514 is divided by 50471.
217
What is the remainder when 44433234 is divided by 55?
54
What is the remainder when 247940 is divided by 1130?
470
Calculate the remainder when 1425846 is divided by 318.
252
Calculate the remainder when 283125 is divided by 7077.
45
What is the remainder when 3258273 is divided by 1559?
1522
What is the remainder when 9639624 is divided by 91?
85
What is the remainder when 190638 is divided by 31770?
18
What is the remainder when 9620204 is divided by 356302?
50
Calculate the remainder when 226858 is divided by 2601.
571
Calculate the remainder when 109265867 is divided by 1765.
12
What is the remainder when 29882503 is divided by 14291?
22
What is the remainder when 8438662 is divided by 1258?
1256
What is the remainder when 757741 is divided by 2021?
1887
Calculate the remainder when 2976557 is divided by 579.
497
What is the remainder when 291860 is divided by 145505?
850
What is the remainder when 3149502 is divided by 3149410?
92
Calculate the remainder when 11772408 is divided by 87.
3
What is the remainder when 86930 is divided by 14108?
2282
What is the remainder when 4450169 is divided by 62?
57
What is the remainder when 20370375 is divided by 98?
95
Calculate the remainder when 139146277 is divided by 11180.
11177
Calculate the remainder when 8488117 is divided by 40.
37
What is the remainder when 5017696 is divided by 45201?
385
What is the remainder when 49982110 is divided by 93?
4
Calculate the remainder when 136218903 is divided by 1164264.
15
What is the remainder when 1176046 is divided by 10?
6
Calculate the remainder when 10345576 is divided by 10345562.
14
Calculate the remainder when 24618526 is divided by 8629.
8618
Calculate the remainder when 861483 is divided by 7356.
831
Calculate the remainder when 586641571 is divided by 4334.
4333
Calculate the remainder when 1819046 is divided by 4.
2
What is the remainder when 931606 is divided by 259?
242
What is the remainder when 527380 is divided by 65902?
164
Calculate the remainder when 296680844 is divided by 35.
19
Calculate the remainder when 2596336 is divided by 10954.
238
Calculate the remainder when 668505 is divided by 12107.
2620
Calculate the remainder when 419844 is divided by 209863.
118
What is the remainder when 19532155 is divided by 84?
55
What is the remainder when 122834 is divided by 122802?
32
What is the remainder when 122186393 is divided by 1886?
1883
Calculate the remainder when 194440740 is divided by 567.
564
Calculate the remainder when 40349952 is divided by 3825.
27
What is the remainder when 109824 is divided by 1615?
4
What is the remainder when 2450348 is divided by 719?
715
Calculate the remainder when 727300 is divided by 85.
40
Calculate the remainder when 199977973 is divided by 144.
133
What is the remainder when 3065528 is divided by 376?
0
What is the remainder when 8001509 is divided by 46?
39
Calculate the remainder when 2393533 is divided by 7409.
426
Calculate the remainder when 474882 is divided by 19.
15
What is the remainder when 3735 is divided by 454?
103
What is the remainder when 14567762 is divided by 459?
20
What is the remainder when 717157 is divided by 311?
302
Calculate the remainder when 58376774 is divided by 11675353.
9
What is the remainder when 79424621 is divided by 3?
2
What is the remainder when 242001 is divided by 2951?
19
What is the remainder when 448781763 is divided by 38?
15
What is the remainder when 140605 is divided by 869?
696
Calculate the remainder when 147890 is divided by 177.
95
Calculate the remainder when 23154456 is divided by 49056.
24
What is the remainder when 18278 is divided by 9131?
16
Calculate the remainder when 54818885 is divided by 10.
5
What is the remainder when 25571039 is divided by 52?
39
Calculate the remainder when 7823358 is divided by 3911605.
148
Calculate the remainder when 109935 is divided by 14072.
11431
Calculate the remainder when 29981 is divided by 1762.
27
What is the remainder when 182899612 is divided by 16627237?
5
Calculate the remainder when 778314 is divided by 783.
12
Calculate the remainder when 1144409 is divided by 3099.
878
What is the remainder when 6594531 is divided by 85?
61
Calculate the remainder when 6542816 is divided by 113.
3
What is the remainder when 1113363 is divided by 113?
87
What is the remainder when 4161427 is divided by 2080670?
87
Calculate the remainder when 2159497 is divided by 7685.
12
What is the remainder when 309986 is divided by 4556?
178
Calculate the remainder when 525657 is divided by 175196.
69
What is the remainder when 62580 is divided by 3982?
2850
What is the remainder when 56864 is divided by 2142?
1172
Calculate the remainder when 2877633 is divided by 21.
3
Calculate the remainder when 26230 is divided by 1242.
148
Calculate the remainder when 91134779 is divided by 15189126.
23
Calculate the remainder when 1000178 is divided by 89.
85
What is the remainder when 5507989 is divided by 5507977?
12
Calculate the remainder when 2052010 is divided by 958.
932
Calculate the remainder when 4946620 is divided by 375.
370
Calculate the remainder when 101986 is divided by 50121.
1744
What is the remainder when 17565 is divided by 5512?
1029
Calculate the remainder when 2706199 is divided by 47477.
10
Calculate the remainder when 7516810 is divided by 19575.
10
Calculate the remainder when 3535007 is divided by 396.
311
What is the remainder when 461724587 is divided by 103?
101
What is the remainder when 259611 is divided by 12323?
828
Calculate the remainder when 18479402 is divided by 6159789.
35
Calculate the remainder when 133395 is divided by 66544.
307
What is the remainder when 14831192 is divided by 308983?
8
Calculate the remainder when 20737721 is divided by 1728.
1721
Calculate the remainder when 186889393 is divided by 583.
581
What is the remainder when 7761431 is divided by 3703?
3646
What is the remainder when 217059012 is divided by 32?
4
Calculate the remainder when 493378 is divided by 493299.
79
Calculate the remainder when 457211 is divid